+ 707 = -1724, 20 = -5*z. Let a = -326 - l. What is the tens digit of a?
5
Let x = -38 + 59. Suppose 13 = 2*i + x. What is the tens digit of (-5211)/(-63) - i/14?
8
Suppose 4*x - 54498 = -j, 397*j - 8 = 401*j. What is the ten thousands digit of x?
1
Suppose 59*d - 83*d - 238*d + 11883796 = 0. What is the thousands digit of d?
5
Let p be (-123)/39 + 20/130. Let a(g) = g**2 + 9*g - 9. Let y be a(-10). What is the tens digit of (-3)/p - (0/y + -43)?
4
Let h(j) be the third derivative of -751*j**4/24 - 11*j**3/2 + 31*j**2 + 2*j. What is the units digit of h(-1)?
8
Let c = 4875 - -2416. What is the tens digit of c?
9
What is the tens digit of (-4)/(-5) - (736074/(-45))/6?
2
Let k(m) = 221*m**2 + 14*m + 491. What is the hundreds digit of k(-14)?
6
Let q(p) = 62*p - 63. Let b be 2/11 + 4753/539. What is the tens digit of q(b)?
9
Let n(f) = 190*f**2 - 4*f. Let x be n(2). Let g = x + -162. What is the tens digit of g?
9
Suppose -9*y - 3407 = -7*y + 3*j, -3*y - 5*j - 5113 = 0. Let a = -1017 - y. What is the hundreds digit of a?
6
Suppose 0*y + y - 108 = 0. Suppose -1794 = -58*o + 32*o. Let p = y - o. What is the tens digit of p?
3
Suppose 20*c + 14448 = -28*c. Let u = 1348 + c. What is the units digit of u?
7
Let g = 44 - 39. Suppose -1099 = -g*z - 2*q, 5*z - 1091 = -2*q + 4*q. Suppose 22*a = 25*a - z. What is the tens digit of a?
7
Let x = 20 - 13. Let h(t) = 25*t**2 + x - 2*t + 16 - 22. What is the units digit of h(1)?
4
Suppose -18*f + 13*f - 19296 = -s, 38580 = 2*s + 2*f. What is the ten thousands digit of s?
1
Let f = -4926 - 65. Let v = -2908 - f. What is the tens digit of v?
8
Let t(l) = 43*l + 25. Let q be t(4). Suppose -q - 183 = -k. What is the hundreds digit of k?
3
Suppose 4*n - 10730 = -4*m + 18106, 0 = -m - 3*n + 7217. What is the units digit of m?
5
Suppose 2*x = 3*h + 22, 0*h - 4*h = -x + 21. Let n be 402*h/20 - (-4)/10. Let i = n + 186. What is the tens digit of i?
0
Let n(m) = 4375*m + 1145. What is the units digit of n(3)?
0
Let d(z) = 464*z + 26. Let y be d(3). What is the hundreds digit of y - 0*(-6)/60?
4
Let v be (-111)/(-37) - 2*56. Let b = 762 + v. What is the hundreds digit of b?
6
Let a(s) be the first derivative of 649*s**2 + 45*s - 107. What is the units digit of a(1)?
3
Suppose 0*w - 216 = 4*w. Let t = w - -392. What is the units digit of t?
8
Suppose -5 = -3*h + 1. Let w(y) = 2*y - h*y**2 - 2*y - 3*y - 20 + 3*y**2. What is the units digit of w(-5)?
0
Suppose 0 = 19*o - 8*o - 22. Suppose 0 = 3*v + 3*w - 6, o*v - w = -2*w + 2. Suppose 14*m - 13*m - 19 = v. What is the units digit of m?
9
What is the units digit of (-1511213)/(-165) + (-7)/((-210)/4)?
9
Let n(s) = 7*s**2 + 4 - 7 + 12 + 15 - 91*s. What is the units digit of n(17)?
0
Suppose 3*t - 9 + 1 = -2*b, t - 2*b = 0. Suppose 0 = x - t*u - 1272, 2*x - 1202 = u + 1345. What is the thousands digit of x?
1
Let w be (-2 - 4) + 57/(-1). Suppose -2*g - 2*j + 237 = j, -5*j + 5 = 0. Let b = g + w. What is the units digit of b?
4
Suppose -24 = 68*t - 74*t. Suppose 3 + 2 = -5*s, t*k - 2*s - 34 = 0. What is the units digit of k?
8
Let d be ((33/6)/(-1))/((-9)/54). Let n(f) = -2*f + 14*f**2 + 3 - 13*f + f**3 + d*f. What is the hundreds digit of n(-11)?
1
Let c = 37879 - 29461. What is the hundreds digit of c?
4
Suppose -g = 4*g - 20. Let s be 1/(-5 + (-5715)/(-1140)). Suppose s = 3*n - q, 0 = n + g*q - 0*q - 34. What is the units digit of n?
6
What is the tens digit of 4/8*14*248704/29?
3
Let z(b) be the third derivative of b**6/120 + b**4/24 - 17*b**3 - 6*b**2. Let c be z(0). What is the tens digit of 0 + 1 - (c - 6)?
0
Suppose -37*q + 63*q - 44018 = 0. What is the thousands digit of q?
1
Suppose 5*m - 5*l = 4*m + 429, 4*m + 2*l - 1606 = 0. Suppose -2*s + 399 = 3*n, -4*s + 6*s - m = -2*n. What is the tens digit of s?
0
Suppose -3*g = 2*o + 1775, 3*g - 865 = o - 0*g. What is the tens digit of 9/(-4)*o/30?
6
Let b(z) be the first derivative of z**3/3 - 5*z**2/2 - 6*z - 24. Let l be b(-7). Let v = l - 48. What is the tens digit of v?
3
Let g = -72 - -66. What is the units digit of g + ((-1)/1 - -273)?
6
Let a(c) = 153*c**2 + 72*c - 435. What is the hundreds digit of a(7)?
5
Let i(u) = -u + 26. Let q be i(8). Let m(l) = -4*l + q - 2 + 6 - 1. What is the tens digit of m(-8)?
5
Suppose -4 = -u - u. Suppose 2*a = -6, u*a + 4 - 7 = 3*v. What is the hundreds digit of 295 - v - (-2 + 3)?
2
Let v(j) = j**3 + 18*j**2 + 17*j + 3. Let b be v(-17). Let i(p) = -8*p + 0*p**b + p**2 - p**3 - 9*p**2 + 5*p + 3. What is the tens digit of i(-8)?
2
Suppose n - 7 = v, -3*n + 21*v = 20*v - 27. Suppose 0 = 3*x + 3*t - 5286, 3*x + 0*t = 5*t + 5302. Suppose 19*p = n*p + x. What is the hundreds digit of p?
1
Let t be 26 - (3/12 + (-14)/(-8)). Suppose 14*d = 13*d - t. Let r = 46 - d. What is the units digit of r?
0
Suppose 5*l = 4*u + 2172, 0 = -5*l - 2*u + 2736 - 582. Suppose f - l = -8*f. Suppose 0 = -12*b + 9*b + f. What is the units digit of b?
6
Let w(r) = r**3 - 9*r**2 - 3*r - 13. Let p be w(9). Let f be 3 - p - 2/2. Suppose u + 5*l + f = 2*u, 4*u = -4*l + 288. What is the tens digit of u?
6
Suppose -16*y + 61 = -3. Suppose -y*t = 195 - 239. What is the units digit of t?
1
Suppose -4*z - 49060 = -5*n, -3*n + 14*z + 29414 = 16*z. What is the units digit of n?
8
Suppose 2*b = 55093 - 239557. What is the hundreds digit of (-8)/(-10) + (b/(-60) - -5)?
5
Let b(h) = -h**3 - 7*h**2 + 10*h + 47. What is the hundreds digit of b(-10)?
2
Let u be (4670/(-15) + -1)*(0 + -3). Suppose -5*l - s + 4590 = 0, 4*l - u = 3*l - 4*s. What is the tens digit of l?
1
Let q(j) = -j + 5. Let o(y) = 2*y - 10. Let i(n) = -4*o(n) - 7*q(n). Let b be i(9). What is the units digit of (205/(-10))/(1/b)?
2
Let h = 111 - 90. Suppose -26*i + 50 = -h*i. Let s = i + 113. What is the hundreds digit of s?
1
Let x(r) = -r**2 - 6*r + 9. Let g be x(5). Let n = g - -59. Suppose 0 = -2*f + 191 - n. What is the tens digit of f?
8
Let j be 0 + (-1826)/10 - (-6)/(-15). Let k = j + 389. Let u = 300 - k. What is the units digit of u?
4
What is the tens digit of 2/(-12) + 29814*1/36?
2
Let h(f) = -10*f**3 + 6*f**2 - 6*f - 19. Let x be h(-6). Suppose 4*k + 537 = x. What is the tens digit of k?
6
Let g = 2443 - 1315. Suppose -3*d + 222 + g = 0. Suppose 4*q - d + 162 = 0. What is the units digit of q?
2
Let k(n) = 1. Let i(m) = m**3 + m + 5. Let g(c) = i(c) - 2*k(c). Let r be g(0). What is the tens digit of (-117)/(-12) - r/(-12)?
1
Let v(d) = -14*d - 133. Let h(q) = -1. Let u(p) = -21*h(p) - v(p). What is the tens digit of u(-10)?
1
Let d(y) = -229*y - 2. Suppose -3*r - 1 = 2. Let v be d(r). Suppose 3*q - v - 34 = 0. What is the tens digit of q?
8
Let a(o) = 7 - 4*o**2 - 5 - o + 0 + 6*o**2 + 11*o**2. What is the tens digit of a(2)?
5
Let w be (-3)/((-1 - 14/(-17))/(-2)). Let x be (-6)/(24/w) - 2/(-4). Suppose 72 = 4*d - 4*o, 2*d - 2 = -3*o + x. What is the units digit of d?
3
Let r(t) = -2*t + 70. Let c be r(36). What is the hundreds digit of (5 - 1120/(-21))/(c/(-42))?
2
Let q be (-13 + 1351)*1/3. Suppose -2*i = s + 4*s - q, -2*s + 908 = 4*i. Suppose -4*o = -5*u - 3*o + i, 240 = 5*u + 5*o. What is the tens digit of u?
4
Let u = 150 + 163. Let w(t) = -5*t**2 - 21*t. Let q be w(-4). Suppose q*z - 650 = 5*f, f - u - 19 = -2*z. What is the units digit of z?
5
Let t(c) = 42*c**2 - 3*c - 45. Let b(s) = -21*s**2 + s + 23. Let n(p) = -5*b(p) - 2*t(p). What is the tens digit of n(6)?
3
Let s = -15444 - -27233. What is the ten thousands digit of s?
1
Let y(f) = -3*f**2 + 24*f + 26. Let x(p) = 10*p**2 - 73*p - 79. Let w(u) = 3*x(u) + 8*y(u). What is the tens digit of w(12)?
1
Let v(s) = 152*s**3 - 13*s**2 - 26*s + 171. What is the thousands digit of v(5)?
8
Let k = -7 - -73. Suppose -4*c + b = -24, -5*b - 30 + 5 = -c. Suppose k = 2*q - x - x, -c*q - 2*x + 158 = 0. What is the units digit of q?
2
Let f(v) = 4*v**2 + 35*v + 26. Let j be f(-8). Suppose 0 = -j*s - 5*x + 673, -s - 5*x + 349 = -0*s. What is the tens digit of s?
2
Suppose -3*p = -2*c - 73184, -25*p + 4*c + 73174 = -22*p. What is the tens digit of p?
9
Let n = -701 - -459. Let o = n - -323. What is the units digit of o?
1
What is the tens digit of 52822 - ((-1 - 31) + 22)?
3
Let m(r) = -29*r**3 - 32*r**2 + 30*r + 23. What is the ten thousands digit of m(-8)?
1
Let b = -9055 - -14173. What is the hundreds 